{"id":70,"date":"2024-02-27T21:14:05","date_gmt":"2024-02-27T20:14:05","guid":{"rendered":"https:\/\/lmtsas.com\/?page_id=70"},"modified":"2024-02-27T22:08:34","modified_gmt":"2024-02-27T21:08:34","slug":"chatarras-metalicas","status":"publish","type":"page","link":"https:\/\/lmtsas.com\/?page_id=70","title":{"rendered":"Chatarras Metalicas"},"content":{"rendered":"\t\t<div data-elementor-type=\"wp-page\" data-elementor-id=\"70\" class=\"elementor elementor-70\">\n\t\t\t\t<div class=\"elementor-element elementor-element-3811ca7 e-flex e-con-boxed e-con e-parent\" data-id=\"3811ca7\" data-element_type=\"container\">\n\t\t\t\t\t<div class=\"e-con-inner\">\n\t\t<div class=\"elementor-element elementor-element-84d140f e-con-full e-flex e-con e-child\" data-id=\"84d140f\" data-element_type=\"container\">\n\t\t\t\t<div class=\"elementor-element elementor-element-8411967 elementor-position-top elementor-invisible elementor-widget elementor-widget-image-box\" data-id=\"8411967\" data-element_type=\"widget\" data-settings=\"{&quot;_animation&quot;:&quot;fadeIn&quot;}\" data-widget_type=\"image-box.default\">\n\t\t\t\t<div class=\"elementor-widget-container\">\n\t\t\t\t\t<div class=\"elementor-image-box-wrapper\"><figure class=\"elementor-image-box-img\"><img fetchpriority=\"high\" decoding=\"async\" width=\"1750\" height=\"1000\" src=\"https:\/\/lmtsas.com\/wp-content\/uploads\/2024\/02\/reciclaje-chatarra.jpeg\" class=\"attachment-full size-full wp-image-27\" alt=\"\" srcset=\"https:\/\/lmtsas.com\/wp-content\/uploads\/2024\/02\/reciclaje-chatarra.jpeg 1750w, https:\/\/lmtsas.com\/wp-content\/uploads\/2024\/02\/reciclaje-chatarra-300x171.jpeg 300w, https:\/\/lmtsas.com\/wp-content\/uploads\/2024\/02\/reciclaje-chatarra-1024x585.jpeg 1024w, https:\/\/lmtsas.com\/wp-content\/uploads\/2024\/02\/reciclaje-chatarra-768x439.jpeg 768w, https:\/\/lmtsas.com\/wp-content\/uploads\/2024\/02\/reciclaje-chatarra-1536x878.jpeg 1536w\" sizes=\"(max-width: 1750px) 100vw, 1750px\" \/><\/figure><div class=\"elementor-image-box-content\"><h3 class=\"elementor-image-box-title\">No-Ferroso triturado<\/h3><p class=\"elementor-image-box-description\">Aluminio triturado (zorba)\nAcero inoxidable triturado (zurik)\nLat\u00f3n triturado\nZinc y zamak triturado<\/p><\/div><\/div>\t\t\t\t<\/div>\n\t\t\t\t<\/div>\n\t\t\t\t<\/div>\n\t\t<div class=\"elementor-element elementor-element-69e0fba e-con-full e-flex e-con e-child\" data-id=\"69e0fba\" data-element_type=\"container\">\n\t\t\t\t<div class=\"elementor-element elementor-element-d45caea elementor-position-top elementor-invisible elementor-widget elementor-widget-image-box\" data-id=\"d45caea\" data-element_type=\"widget\" data-settings=\"{&quot;_animation&quot;:&quot;fadeInDown&quot;}\" data-widget_type=\"image-box.default\">\n\t\t\t\t<div class=\"elementor-widget-container\">\n\t\t\t\t\t<div class=\"elementor-image-box-wrapper\"><figure class=\"elementor-image-box-img\"><img decoding=\"async\" width=\"750\" height=\"330\" src=\"https:\/\/lmtsas.com\/wp-content\/uploads\/2024\/02\/aluminio-reciclado-venta.webp\" class=\"attachment-full size-full wp-image-75\" alt=\"\" srcset=\"https:\/\/lmtsas.com\/wp-content\/uploads\/2024\/02\/aluminio-reciclado-venta.webp 750w, https:\/\/lmtsas.com\/wp-content\/uploads\/2024\/02\/aluminio-reciclado-venta-300x132.webp 300w\" sizes=\"(max-width: 750px) 100vw, 750px\" \/><\/figure><div class=\"elementor-image-box-content\"><h3 class=\"elementor-image-box-title\">Aluminio<\/h3><p class=\"elementor-image-box-description\">Extrusiones (perfil) 6061 y 6063\nExtrusiones (perfil) 10\/10\nChatarra de la mayor\u00eda de las series de aluminio\nAlambre EC\nL\u00e1mina vieja \/ Suave (Taint tabor)\nMoldes \/ Duro (Tense)\nRines cromados y sin cromar\nRadiadores\nL\u00e1mina litogr\u00e1fica\nRevestimientos pintados\nHoja\nLatas de bebidas usadas (UBC)\nRebaba<\/p><\/div><\/div>\t\t\t\t<\/div>\n\t\t\t\t<\/div>\n\t\t\t\t<\/div>\n\t\t<div class=\"elementor-element elementor-element-a85c408 e-con-full e-flex e-con e-child\" data-id=\"a85c408\" data-element_type=\"container\">\n\t\t\t\t<div class=\"elementor-element elementor-element-02ce7e5 elementor-position-top elementor-invisible elementor-widget elementor-widget-image-box\" data-id=\"02ce7e5\" data-element_type=\"widget\" data-settings=\"{&quot;_animation&quot;:&quot;fadeInLeft&quot;}\" data-widget_type=\"image-box.default\">\n\t\t\t\t<div class=\"elementor-widget-container\">\n\t\t\t\t\t<div class=\"elementor-image-box-wrapper\"><figure class=\"elementor-image-box-img\"><img decoding=\"async\" width=\"385\" height=\"385\" src=\"https:\/\/lmtsas.com\/wp-content\/uploads\/2024\/02\/chatarra-cobre-aluminio-46-113740620_400x400.webp\" class=\"attachment-full size-full wp-image-76\" alt=\"\" srcset=\"https:\/\/lmtsas.com\/wp-content\/uploads\/2024\/02\/chatarra-cobre-aluminio-46-113740620_400x400.webp 385w, https:\/\/lmtsas.com\/wp-content\/uploads\/2024\/02\/chatarra-cobre-aluminio-46-113740620_400x400-300x300.webp 300w, https:\/\/lmtsas.com\/wp-content\/uploads\/2024\/02\/chatarra-cobre-aluminio-46-113740620_400x400-150x150.webp 150w\" sizes=\"(max-width: 385px) 100vw, 385px\" \/><\/figure><div class=\"elementor-image-box-content\"><h3 class=\"elementor-image-box-title\">Cobre<\/h3><p class=\"elementor-image-box-description\">Cobre #1 (Berry-Candy)\nCobre brillante (Barley)\nCobre #2 (Birch-Cliff)\nCable de cobre insulado\nRadiadores (Ocean)\nMotores el\u00e9ctricos\nUnidades Selladas\nRadiadores de Al-Cu (Talk)\nRebaba<\/p><\/div><\/div>\t\t\t\t<\/div>\n\t\t\t\t<\/div>\n\t\t\t\t<\/div>\n\t\t\t\t\t<\/div>\n\t\t\t\t<\/div>\n\t\t<div class=\"elementor-element elementor-element-94328dc e-flex e-con-boxed e-con e-parent\" data-id=\"94328dc\" data-element_type=\"container\">\n\t\t\t\t\t<div class=\"e-con-inner\">\n\t\t<div class=\"elementor-element elementor-element-9a83c59 e-con-full e-flex e-con e-child\" data-id=\"9a83c59\" data-element_type=\"container\">\n\t\t\t\t<div class=\"elementor-element elementor-element-1e705e2 elementor-position-top elementor-invisible elementor-widget elementor-widget-image-box\" data-id=\"1e705e2\" data-element_type=\"widget\" data-settings=\"{&quot;_animation&quot;:&quot;fadeInRight&quot;}\" data-widget_type=\"image-box.default\">\n\t\t\t\t<div class=\"elementor-widget-container\">\n\t\t\t\t\t<div class=\"elementor-image-box-wrapper\"><figure class=\"elementor-image-box-img\"><img loading=\"lazy\" decoding=\"async\" width=\"225\" height=\"225\" src=\"https:\/\/lmtsas.com\/wp-content\/uploads\/2024\/02\/imagesj.jpg\" class=\"attachment-full size-full wp-image-77\" alt=\"\" srcset=\"https:\/\/lmtsas.com\/wp-content\/uploads\/2024\/02\/imagesj.jpg 225w, https:\/\/lmtsas.com\/wp-content\/uploads\/2024\/02\/imagesj-150x150.jpg 150w\" sizes=\"(max-width: 225px) 100vw, 225px\" \/><\/figure><div class=\"elementor-image-box-content\"><h3 class=\"elementor-image-box-title\">Lat\u00f3n &amp; Bronce Honey <\/h3><p class=\"elementor-image-box-description\">Honey (Chatarra de lat\u00f3n amarillo mixto)\nOcean (radiadores)\nEbony (Lat\u00f3n rojo)\nVirutas y clips de lat\u00f3n\nCasquillo de Lat\u00f3n (Lake\/Lace)<\/p><\/div><\/div>\t\t\t\t<\/div>\n\t\t\t\t<\/div>\n\t\t\t\t<\/div>\n\t\t<div class=\"elementor-element elementor-element-c96a4e9 e-con-full e-flex e-con e-child\" data-id=\"c96a4e9\" data-element_type=\"container\">\n\t\t\t\t<div class=\"elementor-element elementor-element-2c3cb5f elementor-position-top elementor-invisible elementor-widget elementor-widget-image-box\" data-id=\"2c3cb5f\" data-element_type=\"widget\" data-settings=\"{&quot;_animation&quot;:&quot;zoomIn&quot;}\" data-widget_type=\"image-box.default\">\n\t\t\t\t<div class=\"elementor-widget-container\">\n\t\t\t\t\t<div class=\"elementor-image-box-wrapper\"><figure class=\"elementor-image-box-img\"><img loading=\"lazy\" decoding=\"async\" width=\"259\" height=\"194\" src=\"https:\/\/lmtsas.com\/wp-content\/uploads\/2024\/02\/11.jpg\" class=\"attachment-full size-full wp-image-18\" alt=\"\" \/><\/figure><div class=\"elementor-image-box-content\"><h3 class=\"elementor-image-box-title\">Zinc &amp; Diecast<\/h3><p class=\"elementor-image-box-description\">Chatarra de Diecast limpia o sucia\n\u00c1nodos usados de zinc\nCarburadores\nL\u00e1minas de techo viejas de zinc\nMoldes de inyecci\u00f3n tipo Kirksite\nRebaba<\/p><\/div><\/div>\t\t\t\t<\/div>\n\t\t\t\t<\/div>\n\t\t\t\t<\/div>\n\t\t<div class=\"elementor-element elementor-element-2e4eb59 e-con-full e-flex e-con e-child\" data-id=\"2e4eb59\" data-element_type=\"container\">\n\t\t\t\t<div class=\"elementor-element elementor-element-fbf531f elementor-position-top elementor-invisible elementor-widget elementor-widget-image-box\" data-id=\"fbf531f\" data-element_type=\"widget\" data-settings=\"{&quot;_animation&quot;:&quot;zoomInDown&quot;}\" data-widget_type=\"image-box.default\">\n\t\t\t\t<div class=\"elementor-widget-container\">\n\t\t\t\t\t<div class=\"elementor-image-box-wrapper\"><figure class=\"elementor-image-box-img\"><img loading=\"lazy\" decoding=\"async\" width=\"283\" height=\"178\" src=\"https:\/\/lmtsas.com\/wp-content\/uploads\/2024\/02\/12.jpg\" class=\"attachment-full size-full wp-image-19\" alt=\"\" \/><\/figure><div class=\"elementor-image-box-content\"><h3 class=\"elementor-image-box-title\">Plomo<\/h3><p class=\"elementor-image-box-description\">Chatarras solidas de Plomo\nBala de plomo\nCables de plomo y plomo\/cobre\nPlomo de balanceo\nBater\u00edas drenadas o conectores de bater\u00edas<\/p><\/div><\/div>\t\t\t\t<\/div>\n\t\t\t\t<\/div>\n\t\t\t\t<\/div>\n\t\t\t\t\t<\/div>\n\t\t\t\t<\/div>\n\t\t<div class=\"elementor-element elementor-element-3ea4b45 e-flex e-con-boxed e-con e-parent\" data-id=\"3ea4b45\" data-element_type=\"container\">\n\t\t\t\t\t<div class=\"e-con-inner\">\n\t\t<div class=\"elementor-element elementor-element-00765ed e-con-full e-flex e-con e-child\" data-id=\"00765ed\" data-element_type=\"container\">\n\t\t\t\t<div class=\"elementor-element elementor-element-54afdcd elementor-position-top elementor-invisible elementor-widget elementor-widget-image-box\" data-id=\"54afdcd\" data-element_type=\"widget\" data-settings=\"{&quot;_animation&quot;:&quot;zoomInRight&quot;}\" data-widget_type=\"image-box.default\">\n\t\t\t\t<div class=\"elementor-widget-container\">\n\t\t\t\t\t<div class=\"elementor-image-box-wrapper\"><figure class=\"elementor-image-box-img\"><img loading=\"lazy\" decoding=\"async\" width=\"275\" height=\"183\" src=\"https:\/\/lmtsas.com\/wp-content\/uploads\/2024\/02\/acero-inoxidable.jpg\" class=\"attachment-full size-full wp-image-78\" alt=\"\" \/><\/figure><div class=\"elementor-image-box-content\"><h3 class=\"elementor-image-box-title\">Acero Inoxidable<\/h3><p class=\"elementor-image-box-description\">Chatarra de acero inoxidable, en su mayor\u00eda series 304 &amp; 316\nAleaciones de altas temperaturas\nOtras chatarras conteniendo N\u00edquel<\/p><\/div><\/div>\t\t\t\t<\/div>\n\t\t\t\t<\/div>\n\t\t\t\t<\/div>\n\t\t<div class=\"elementor-element elementor-element-9c28af9 e-con-full e-flex e-con e-child\" data-id=\"9c28af9\" data-element_type=\"container\">\n\t\t\t\t<div class=\"elementor-element elementor-element-fdcae46 elementor-position-top elementor-invisible elementor-widget elementor-widget-image-box\" data-id=\"fdcae46\" data-element_type=\"widget\" data-settings=\"{&quot;_animation&quot;:&quot;zoomInRight&quot;}\" data-widget_type=\"image-box.default\">\n\t\t\t\t<div class=\"elementor-widget-container\">\n\t\t\t\t\t<div class=\"elementor-image-box-wrapper\"><figure class=\"elementor-image-box-img\"><img loading=\"lazy\" decoding=\"async\" width=\"283\" height=\"178\" src=\"https:\/\/lmtsas.com\/wp-content\/uploads\/2024\/02\/12.jpg\" class=\"attachment-full size-full wp-image-19\" alt=\"\" \/><\/figure><div class=\"elementor-image-box-content\"><h3 class=\"elementor-image-box-title\">Otros<\/h3><p class=\"elementor-image-box-description\">Chatarra de Esta\u00f1o\nChatarra de Titanio\nChatarra de magnesio<\/p><\/div><\/div>\t\t\t\t<\/div>\n\t\t\t\t<\/div>\n\t\t\t\t<\/div>\n\t\t<div class=\"elementor-element elementor-element-49df9e5 e-con-full e-flex e-con e-child\" data-id=\"49df9e5\" data-element_type=\"container\">\n\t\t\t\t<div class=\"elementor-element elementor-element-17cd8d4 elementor-position-top elementor-invisible elementor-widget elementor-widget-image-box\" data-id=\"17cd8d4\" data-element_type=\"widget\" data-settings=\"{&quot;_animation&quot;:&quot;bounceIn&quot;}\" data-widget_type=\"image-box.default\">\n\t\t\t\t<div class=\"elementor-widget-container\">\n\t\t\t\t\t<div class=\"elementor-image-box-wrapper\"><figure class=\"elementor-image-box-img\"><img loading=\"lazy\" decoding=\"async\" width=\"705\" height=\"393\" src=\"https:\/\/lmtsas.com\/wp-content\/uploads\/2024\/02\/basura-electronica.jpg\" class=\"attachment-full size-full wp-image-79\" alt=\"\" srcset=\"https:\/\/lmtsas.com\/wp-content\/uploads\/2024\/02\/basura-electronica.jpg 705w, https:\/\/lmtsas.com\/wp-content\/uploads\/2024\/02\/basura-electronica-300x167.jpg 300w\" sizes=\"(max-width: 705px) 100vw, 705px\" \/><\/figure><div class=\"elementor-image-box-content\"><h3 class=\"elementor-image-box-title\">Electronica<\/h3><p class=\"elementor-image-box-description\">Tarjetas de circuitos de alto y bajo grado\nCPU\/Disco Duro\nAdaptadores de A\/C\nZorba electr\u00f3nico\nEquipo de Servidores\/Redes\/Telecomunicaciones\nMedidores el\u00e9ctricos y electr\u00f3nicos<\/p><\/div><\/div>\t\t\t\t<\/div>\n\t\t\t\t<\/div>\n\t\t\t\t<\/div>\n\t\t\t\t\t<\/div>\n\t\t\t\t<\/div>\n\t\t<div class=\"elementor-element elementor-element-af449dc e-flex e-con-boxed e-con e-parent\" data-id=\"af449dc\" data-element_type=\"container\">\n\t\t\t\t\t<div class=\"e-con-inner\">\n\t\t\t\t<div class=\"elementor-element elementor-element-fa602bb elementor-widget elementor-widget-heading\" data-id=\"fa602bb\" data-element_type=\"widget\" data-widget_type=\"heading.default\">\n\t\t\t\t<div class=\"elementor-widget-container\">\n\t\t\t\t\t<h2 class=\"elementor-heading-title elementor-size-default\">Bienvenido a Latin Metal sas - Tu Socio Confiable en Comercializaci\u00f3n de Chatarra Met\u00e1lica<\/h2>\t\t\t\t<\/div>\n\t\t\t\t<\/div>\n\t\t\t\t\t<\/div>\n\t\t\t\t<\/div>\n\t\t<div class=\"elementor-element elementor-element-5b46edb e-flex e-con-boxed e-con e-parent\" data-id=\"5b46edb\" data-element_type=\"container\">\n\t\t\t\t\t<div class=\"e-con-inner\">\n\t\t\t\t<div class=\"elementor-element elementor-element-03e2309 elementor-widget elementor-widget-text-editor\" data-id=\"03e2309\" data-element_type=\"widget\" data-widget_type=\"text-editor.default\">\n\t\t\t\t<div class=\"elementor-widget-container\">\n\t\t\t\t\t\t\t\t\t<p>En Latin Metal sas, nos dedicamos apasionadamente a la comercializaci\u00f3n de chatarra met\u00e1lica, ofreciendo soluciones integrales para la gesti\u00f3n eficiente de residuos y la contribuci\u00f3n al ciclo sostenible de los metales. Nos enorgullece ser tu socio confiable en la transformaci\u00f3n de la chatarra en recursos valiosos.<\/p><p>\u00a0<\/p>\t\t\t\t\t\t\t\t<\/div>\n\t\t\t\t<\/div>\n\t\t\t\t\t<\/div>\n\t\t\t\t<\/div>\n\t\t<div class=\"elementor-element elementor-element-a6af76a e-flex e-con-boxed e-con e-parent\" data-id=\"a6af76a\" data-element_type=\"container\">\n\t\t\t\t\t<div class=\"e-con-inner\">\n\t\t\t\t<div class=\"elementor-element elementor-element-bf8d8d2 elementor-widget elementor-widget-heading\" data-id=\"bf8d8d2\" data-element_type=\"widget\" data-widget_type=\"heading.default\">\n\t\t\t\t<div class=\"elementor-widget-container\">\n\t\t\t\t\t<h2 class=\"elementor-heading-title elementor-size-default\">Nuestra Gama de Chatarra:<\/h2>\t\t\t\t<\/div>\n\t\t\t\t<\/div>\n\t\t\t\t\t<\/div>\n\t\t\t\t<\/div>\n\t\t<div class=\"elementor-element elementor-element-60d5c77 e-flex e-con-boxed e-con e-parent\" data-id=\"60d5c77\" data-element_type=\"container\">\n\t\t\t\t\t<div class=\"e-con-inner\">\n\t\t\t\t<div class=\"elementor-element elementor-element-bcdd945 elementor-widget elementor-widget-text-editor\" data-id=\"bcdd945\" data-element_type=\"widget\" data-widget_type=\"text-editor.default\">\n\t\t\t\t<div class=\"elementor-widget-container\">\n\t\t\t\t\t\t\t\t\t<p>Explora nuestro extenso inventario de chatarra met\u00e1lica, que abarca una variedad de materiales como hierro, acero, aluminio, cobre y m\u00e1s. Trabajamos con chatarras industriales, residuos de construcci\u00f3n y demolici\u00f3n, as\u00ed como con materiales reciclados de alta calidad.<\/p>\t\t\t\t\t\t\t\t<\/div>\n\t\t\t\t<\/div>\n\t\t\t\t\t<\/div>\n\t\t\t\t<\/div>\n\t\t<div class=\"elementor-element elementor-element-9462e46 e-flex e-con-boxed e-con e-parent\" data-id=\"9462e46\" data-element_type=\"container\">\n\t\t\t\t\t<div class=\"e-con-inner\">\n\t\t\t\t<div class=\"elementor-element elementor-element-adb54d2 elementor-widget elementor-widget-heading\" data-id=\"adb54d2\" data-element_type=\"widget\" data-widget_type=\"heading.default\">\n\t\t\t\t<div class=\"elementor-widget-container\">\n\t\t\t\t\t<h2 class=\"elementor-heading-title elementor-size-default\">Proceso Eficiente:<\/h2>\t\t\t\t<\/div>\n\t\t\t\t<\/div>\n\t\t\t\t\t<\/div>\n\t\t\t\t<\/div>\n\t\t<div class=\"elementor-element elementor-element-8593365 e-flex e-con-boxed e-con e-parent\" data-id=\"8593365\" data-element_type=\"container\">\n\t\t\t\t\t<div class=\"e-con-inner\">\n\t\t\t\t<div class=\"elementor-element elementor-element-7fe8dfd elementor-widget elementor-widget-text-editor\" data-id=\"7fe8dfd\" data-element_type=\"widget\" data-widget_type=\"text-editor.default\">\n\t\t\t\t<div class=\"elementor-widget-container\">\n\t\t\t\t\t\t\t\t\t<p>En Latin Metal sas, implementamos un proceso eficiente y transparente en la comercializaci\u00f3n de chatarra. Desde la recolecci\u00f3n hasta la entrega, garantizamos una gesti\u00f3n responsable de los residuos y una transacci\u00f3n sin complicaciones para nuestros clientes.<\/p>\t\t\t\t\t\t\t\t<\/div>\n\t\t\t\t<\/div>\n\t\t\t\t\t<\/div>\n\t\t\t\t<\/div>\n\t\t<div class=\"elementor-element elementor-element-6505b07 e-flex e-con-boxed e-con e-parent\" data-id=\"6505b07\" data-element_type=\"container\">\n\t\t\t\t\t<div class=\"e-con-inner\">\n\t\t\t\t<div class=\"elementor-element elementor-element-fb20380 elementor-widget elementor-widget-heading\" data-id=\"fb20380\" data-element_type=\"widget\" data-widget_type=\"heading.default\">\n\t\t\t\t<div class=\"elementor-widget-container\">\n\t\t\t\t\t<h2 class=\"elementor-heading-title elementor-size-default\">Valor Sostenible:<\/h2>\t\t\t\t<\/div>\n\t\t\t\t<\/div>\n\t\t\t\t\t<\/div>\n\t\t\t\t<\/div>\n\t\t<div class=\"elementor-element elementor-element-2a82b25 e-flex e-con-boxed e-con e-parent\" data-id=\"2a82b25\" data-element_type=\"container\">\n\t\t\t\t\t<div class=\"e-con-inner\">\n\t\t\t\t<div class=\"elementor-element elementor-element-b1cbf92 elementor-widget elementor-widget-text-editor\" data-id=\"b1cbf92\" data-element_type=\"widget\" data-widget_type=\"text-editor.default\">\n\t\t\t\t<div class=\"elementor-widget-container\">\n\t\t\t\t\t\t\t\t\t<p>No solo comercializamos chatarra, sino que tambi\u00e9n promovemos pr\u00e1cticas sostenibles. Colaboramos con empresas comprometidas con la responsabilidad ambiental, contribuyendo as\u00ed a la reducci\u00f3n de la huella de carbono y al fomento de una econom\u00eda circular.<\/p>\t\t\t\t\t\t\t\t<\/div>\n\t\t\t\t<\/div>\n\t\t\t\t\t<\/div>\n\t\t\t\t<\/div>\n\t\t<div class=\"elementor-element elementor-element-964fb41 e-flex e-con-boxed e-con e-parent\" data-id=\"964fb41\" data-element_type=\"container\">\n\t\t\t\t\t<div class=\"e-con-inner\">\n\t\t\t\t<div class=\"elementor-element elementor-element-d6b8b95 elementor-widget elementor-widget-heading\" data-id=\"d6b8b95\" data-element_type=\"widget\" data-widget_type=\"heading.default\">\n\t\t\t\t<div class=\"elementor-widget-container\">\n\t\t\t\t\t<h2 class=\"elementor-heading-title elementor-size-default\">Compra y Venta \u00c1gil:<\/h2>\t\t\t\t<\/div>\n\t\t\t\t<\/div>\n\t\t\t\t\t<\/div>\n\t\t\t\t<\/div>\n\t\t<div class=\"elementor-element elementor-element-021fe95 e-flex e-con-boxed e-con e-parent\" data-id=\"021fe95\" data-element_type=\"container\">\n\t\t\t\t\t<div class=\"e-con-inner\">\n\t\t\t\t<div class=\"elementor-element elementor-element-d69eacf elementor-widget elementor-widget-text-editor\" data-id=\"d69eacf\" data-element_type=\"widget\" data-widget_type=\"text-editor.default\">\n\t\t\t\t<div class=\"elementor-widget-container\">\n\t\t\t\t\t\t\t\t\t<p>Facilitamos tanto la compra como la venta de chatarra met\u00e1lica, ofreciendo opciones flexibles y r\u00e1pidas. Ya sea que est\u00e9s buscando deshacerte de residuos o adquirir materiales reciclados, en Latin Metal sas te proporcionamos soluciones adaptadas a tus necesidades espec\u00edficas.<\/p>\t\t\t\t\t\t\t\t<\/div>\n\t\t\t\t<\/div>\n\t\t\t\t\t<\/div>\n\t\t\t\t<\/div>\n\t\t<div class=\"elementor-element elementor-element-95c106d e-flex e-con-boxed e-con e-parent\" data-id=\"95c106d\" data-element_type=\"container\">\n\t\t\t\t\t<div class=\"e-con-inner\">\n\t\t\t\t<div class=\"elementor-element elementor-element-2a31320 elementor-widget elementor-widget-heading\" data-id=\"2a31320\" data-element_type=\"widget\" data-widget_type=\"heading.default\">\n\t\t\t\t<div class=\"elementor-widget-container\">\n\t\t\t\t\t<h2 class=\"elementor-heading-title elementor-size-default\">Partnership a Largo Plazo:<\/h2>\t\t\t\t<\/div>\n\t\t\t\t<\/div>\n\t\t\t\t\t<\/div>\n\t\t\t\t<\/div>\n\t\t<div class=\"elementor-element elementor-element-32d3239 e-flex e-con-boxed e-con e-parent\" data-id=\"32d3239\" data-element_type=\"container\">\n\t\t\t\t\t<div class=\"e-con-inner\">\n\t\t\t\t<div class=\"elementor-element elementor-element-4eb1171 elementor-widget elementor-widget-text-editor\" data-id=\"4eb1171\" data-element_type=\"widget\" data-widget_type=\"text-editor.default\">\n\t\t\t\t<div class=\"elementor-widget-container\">\n\t\t\t\t\t\t\t\t\t<p>En Latin Metal sas, valoramos las relaciones a largo plazo. Nos esforzamos por construir asociaciones s\u00f3lidas basadas en la confianza mutua y la satisfacci\u00f3n del cliente. Tu \u00e9xito en la gesti\u00f3n de chatarra es nuestro objetivo compartido.<\/p>\t\t\t\t\t\t\t\t<\/div>\n\t\t\t\t<\/div>\n\t\t\t\t\t<\/div>\n\t\t\t\t<\/div>\n\t\t<div class=\"elementor-element elementor-element-04f1736 e-flex e-con-boxed e-con e-parent\" data-id=\"04f1736\" data-element_type=\"container\">\n\t\t\t\t\t<div class=\"e-con-inner\">\n\t\t\t\t<div class=\"elementor-element elementor-element-80de587 elementor-widget elementor-widget-heading\" data-id=\"80de587\" data-element_type=\"widget\" data-widget_type=\"heading.default\">\n\t\t\t\t<div class=\"elementor-widget-container\">\n\t\t\t\t\t<h2 class=\"elementor-heading-title elementor-size-default\">\u00danete a la Revoluci\u00f3n de la Chatarra:<\/h2>\t\t\t\t<\/div>\n\t\t\t\t<\/div>\n\t\t\t\t\t<\/div>\n\t\t\t\t<\/div>\n\t\t<div class=\"elementor-element elementor-element-f6a1830 e-flex e-con-boxed e-con e-parent\" data-id=\"f6a1830\" data-element_type=\"container\">\n\t\t\t\t\t<div class=\"e-con-inner\">\n\t\t\t\t<div class=\"elementor-element elementor-element-1a3c3f1 elementor-widget elementor-widget-text-editor\" data-id=\"1a3c3f1\" data-element_type=\"widget\" data-widget_type=\"text-editor.default\">\n\t\t\t\t<div class=\"elementor-widget-container\">\n\t\t\t\t\t\t\t\t\t<p>Descubre c\u00f3mo Latin Metal sas est\u00e1 liderando la revoluci\u00f3n de la comercializaci\u00f3n de chatarra met\u00e1lica. Convierte tus residuos en recursos valiosos y contribuye a un futuro m\u00e1s sostenible y rentable.<\/p><p>Explora nuestras opciones y \u00fanete a nosotros en la misi\u00f3n de la comercializaci\u00f3n eficiente y responsable de chatarra met\u00e1lica con Latin Metal sas.<\/p>\t\t\t\t\t\t\t\t<\/div>\n\t\t\t\t<\/div>\n\t\t\t\t\t<\/div>\n\t\t\t\t<\/div>\n\t\t\t\t<\/div>\n\t\t","protected":false},"excerpt":{"rendered":"<p>No-Ferroso triturado Aluminio triturado (zorba) Acero inoxidable triturado (zurik) Lat\u00f3n triturado Zinc y zamak triturado Aluminio Extrusiones (perfil) 6061 y 6063 Extrusiones (perfil) 10\/10 Chatarra [&hellip;]<\/p>\n","protected":false},"author":1,"featured_media":0,"parent":0,"menu_order":0,"comment_status":"closed","ping_status":"closed","template":"templates\/template-page-full-width.php","meta":{"footnotes":""},"class_list":["post-70","page","type-page","status-publish","hentry"],"_links":{"self":[{"href":"https:\/\/lmtsas.com\/index.php?rest_route=\/wp\/v2\/pages\/70","targetHints":{"allow":["GET"]}}],"collection":[{"href":"https:\/\/lmtsas.com\/index.php?rest_route=\/wp\/v2\/pages"}],"about":[{"href":"https:\/\/lmtsas.com\/index.php?rest_route=\/wp\/v2\/types\/page"}],"author":[{"embeddable":true,"href":"https:\/\/lmtsas.com\/index.php?rest_route=\/wp\/v2\/users\/1"}],"replies":[{"embeddable":true,"href":"https:\/\/lmtsas.com\/index.php?rest_route=%2Fwp%2Fv2%2Fcomments&post=70"}],"version-history":[{"count":9,"href":"https:\/\/lmtsas.com\/index.php?rest_route=\/wp\/v2\/pages\/70\/revisions"}],"predecessor-version":[{"id":85,"href":"https:\/\/lmtsas.com\/index.php?rest_route=\/wp\/v2\/pages\/70\/revisions\/85"}],"wp:attachment":[{"href":"https:\/\/lmtsas.com\/index.php?rest_route=%2Fwp%2Fv2%2Fmedia&parent=70"}],"curies":[{"name":"wp","href":"https:\/\/api.w.org\/{rel}","templated":true}]}}